{"id":4396,"date":"2016-04-21T21:41:02","date_gmt":"2016-04-21T21:41:02","guid":{"rendered":"http:\/\/camaraclara.org.br\/violapaulista\/?page_id=4396"},"modified":"2022-04-19T21:30:32","modified_gmt":"2022-04-20T00:30:32","slug":"parcerias","status":"publish","type":"page","link":"http:\/\/camaraclara.org.br\/memoriarendeira\/parcerias\/","title":{"rendered":"Parcerias"},"content":{"rendered":"\n<p class=\"has-text-align-center\"><br><br>Projeto selecionado pelo Pr\u00eamio Elisabete Anderle de Apoio \u00e0 Cultura \u2013 Patrim\u00f4nio e paisagem cultural &#8211; Edi\u00e7\u00e3o 2020, <br>executado com recursos do Governo do Estado de Santa Catarina, por meio da Funda\u00e7\u00e3o Catarinense da Cultura.<\/p>\n\n\n\n<figure class=\"wp-block-image size-large\"><img loading=\"lazy\" decoding=\"async\" width=\"1024\" height=\"21\" src=\"http:\/\/camaraclara.org.br\/memoriarendeira\/wp-content\/uploads\/2021\/08\/BARRA-1-1024x21.jpg\" alt=\"\" class=\"wp-image-7138\" srcset=\"http:\/\/camaraclara.org.br\/memoriarendeira\/wp-content\/uploads\/2021\/08\/BARRA-1-1024x21.jpg 1024w, http:\/\/camaraclara.org.br\/memoriarendeira\/wp-content\/uploads\/2021\/08\/BARRA-1-300x6.jpg 300w, http:\/\/camaraclara.org.br\/memoriarendeira\/wp-content\/uploads\/2021\/08\/BARRA-1-768x16.jpg 768w, http:\/\/camaraclara.org.br\/memoriarendeira\/wp-content\/uploads\/2021\/08\/BARRA-1-1536x32.jpg 1536w, http:\/\/camaraclara.org.br\/memoriarendeira\/wp-content\/uploads\/2021\/08\/BARRA-1-705x15.jpg 705w, http:\/\/camaraclara.org.br\/memoriarendeira\/wp-content\/uploads\/2021\/08\/BARRA-1.jpg 1920w\" sizes=\"auto, (max-width: 1024px) 100vw, 1024px\" \/><\/figure>\n\n\n\n<div class=\"wp-block-image\"><figure class=\"aligncenter size-large\"><img loading=\"lazy\" decoding=\"async\" width=\"1024\" height=\"181\" src=\"http:\/\/camaraclara.org.br\/memoriarendeira\/wp-content\/uploads\/2021\/08\/LOGOS-PARCERIAS-1-1024x181.jpg\" alt=\"\" class=\"wp-image-7131\" srcset=\"http:\/\/camaraclara.org.br\/memoriarendeira\/wp-content\/uploads\/2021\/08\/LOGOS-PARCERIAS-1-1024x181.jpg 1024w, http:\/\/camaraclara.org.br\/memoriarendeira\/wp-content\/uploads\/2021\/08\/LOGOS-PARCERIAS-1-300x53.jpg 300w, http:\/\/camaraclara.org.br\/memoriarendeira\/wp-content\/uploads\/2021\/08\/LOGOS-PARCERIAS-1-768x136.jpg 768w, http:\/\/camaraclara.org.br\/memoriarendeira\/wp-content\/uploads\/2021\/08\/LOGOS-PARCERIAS-1-1536x272.jpg 1536w, http:\/\/camaraclara.org.br\/memoriarendeira\/wp-content\/uploads\/2021\/08\/LOGOS-PARCERIAS-1-705x125.jpg 705w, http:\/\/camaraclara.org.br\/memoriarendeira\/wp-content\/uploads\/2021\/08\/LOGOS-PARCERIAS-1.jpg 1920w\" sizes=\"auto, (max-width: 1024px) 100vw, 1024px\" \/><\/figure><\/div>\n","protected":false},"excerpt":{"rendered":"<p>Projeto selecionado pelo Pr\u00eamio Elisabete Anderle de Apoio \u00e0 Cultura \u2013 Patrim\u00f4nio e paisagem cultural &#8211; Edi\u00e7\u00e3o 2020, executado com recursos do Governo do Estado de Santa Catarina, por meio da Funda\u00e7\u00e3o Catarinense da Cultura.<\/p>\n","protected":false},"author":1,"featured_media":0,"parent":0,"menu_order":0,"comment_status":"closed","ping_status":"closed","template":"","meta":{"_mi_skip_tracking":false,"footnotes":""},"class_list":["post-4396","page","type-page","status-publish","hentry"],"_links":{"self":[{"href":"http:\/\/camaraclara.org.br\/memoriarendeira\/wp-json\/wp\/v2\/pages\/4396","targetHints":{"allow":["GET"]}}],"collection":[{"href":"http:\/\/camaraclara.org.br\/memoriarendeira\/wp-json\/wp\/v2\/pages"}],"about":[{"href":"http:\/\/camaraclara.org.br\/memoriarendeira\/wp-json\/wp\/v2\/types\/page"}],"author":[{"embeddable":true,"href":"http:\/\/camaraclara.org.br\/memoriarendeira\/wp-json\/wp\/v2\/users\/1"}],"replies":[{"embeddable":true,"href":"http:\/\/camaraclara.org.br\/memoriarendeira\/wp-json\/wp\/v2\/comments?post=4396"}],"version-history":[{"count":15,"href":"http:\/\/camaraclara.org.br\/memoriarendeira\/wp-json\/wp\/v2\/pages\/4396\/revisions"}],"predecessor-version":[{"id":8595,"href":"http:\/\/camaraclara.org.br\/memoriarendeira\/wp-json\/wp\/v2\/pages\/4396\/revisions\/8595"}],"wp:attachment":[{"href":"http:\/\/camaraclara.org.br\/memoriarendeira\/wp-json\/wp\/v2\/media?parent=4396"}],"curies":[{"name":"wp","href":"https:\/\/api.w.org\/{rel}","templated":true}]}}