{"id":2479,"date":"2015-07-03T04:23:00","date_gmt":"2015-07-03T07:23:00","guid":{"rendered":"https:\/\/themes.themegoods.com\/photome\/demo\/?page_id=2479"},"modified":"2022-06-06T06:38:01","modified_gmt":"2022-06-06T09:38:01","slug":"videos","status":"publish","type":"page","link":"http:\/\/camaraclara.org.br\/memoriarendeira\/videos\/","title":{"rendered":"Videos"},"content":{"rendered":"\n<div class=\"wp-block-columns is-layout-flex wp-container-core-columns-is-layout-9d6595d7 wp-block-columns-is-layout-flex\">\n<div class=\"wp-block-column is-layout-flow wp-block-column-is-layout-flow\">\n<figure class=\"wp-block-embed is-type-video is-provider-vimeo wp-block-embed-vimeo wp-embed-aspect-16-9 wp-has-aspect-ratio\"><div class=\"wp-block-embed__wrapper\">\n<iframe loading=\"lazy\" title=\"Mem\u00f3ria Rendeira #1 | ENTREVISTA COM ANITA MARIA LOPES DE MORAES\" src=\"https:\/\/player.vimeo.com\/video\/533080440?dnt=1&amp;app_id=122963\" width=\"500\" height=\"281\" frameborder=\"0\" allow=\"autoplay; fullscreen; picture-in-picture; clipboard-write\"><\/iframe>\n<\/div><\/figure>\n<\/div>\n\n\n\n<div class=\"wp-block-column is-layout-flow wp-block-column-is-layout-flow\">\n<figure class=\"wp-block-embed is-type-video is-provider-vimeo wp-block-embed-vimeo wp-embed-aspect-16-9 wp-has-aspect-ratio\"><div class=\"wp-block-embed__wrapper\">\n<iframe loading=\"lazy\" title=\"Mem\u00f3ria Rendeira #2 | ENTREVISTA COM CATARINA ONDINA DE AGUIAR\" src=\"https:\/\/player.vimeo.com\/video\/533080409?dnt=1&amp;app_id=122963\" width=\"500\" height=\"281\" frameborder=\"0\" allow=\"autoplay; fullscreen; picture-in-picture; clipboard-write\"><\/iframe>\n<\/div><\/figure>\n<\/div>\n<\/div>\n\n\n\n<div class=\"wp-block-columns is-layout-flex wp-container-core-columns-is-layout-9d6595d7 wp-block-columns-is-layout-flex\">\n<div class=\"wp-block-column is-layout-flow wp-block-column-is-layout-flow\">\n<figure class=\"wp-block-embed is-type-video is-provider-vimeo wp-block-embed-vimeo wp-embed-aspect-16-9 wp-has-aspect-ratio\"><div class=\"wp-block-embed__wrapper\">\n<iframe loading=\"lazy\" title=\"Mem\u00f3ria Rendeira #3 | ENTREVISTA COM DAURA LUCIA CORREIA\" src=\"https:\/\/player.vimeo.com\/video\/533080376?dnt=1&amp;app_id=122963\" width=\"500\" height=\"281\" frameborder=\"0\" allow=\"autoplay; fullscreen; picture-in-picture; clipboard-write\"><\/iframe>\n<\/div><\/figure>\n<\/div>\n\n\n\n<div class=\"wp-block-column is-layout-flow wp-block-column-is-layout-flow\">\n<figure class=\"wp-block-embed is-type-video is-provider-vimeo wp-block-embed-vimeo wp-embed-aspect-16-9 wp-has-aspect-ratio\"><div class=\"wp-block-embed__wrapper\">\n<iframe loading=\"lazy\" title=\"Mem\u00f3ria Rendeira #4 | ENTREVISTA COM FLORENTINA OLINA COELHO\" src=\"https:\/\/player.vimeo.com\/video\/533080328?dnt=1&amp;app_id=122963\" width=\"500\" height=\"281\" frameborder=\"0\" allow=\"autoplay; fullscreen; picture-in-picture; clipboard-write\"><\/iframe>\n<\/div><\/figure>\n<\/div>\n<\/div>\n\n\n\n<div class=\"wp-block-columns is-layout-flex wp-container-core-columns-is-layout-9d6595d7 wp-block-columns-is-layout-flex\">\n<div class=\"wp-block-column is-layout-flow wp-block-column-is-layout-flow\">\n<figure class=\"wp-block-embed is-type-video is-provider-vimeo wp-block-embed-vimeo wp-embed-aspect-16-9 wp-has-aspect-ratio\"><div class=\"wp-block-embed__wrapper\">\n<iframe loading=\"lazy\" title=\"Mem\u00f3ria Rendeira #5 | ENTREVISTA COM HADELINA HELENA VIEIRA\" src=\"https:\/\/player.vimeo.com\/video\/533080055?dnt=1&amp;app_id=122963\" width=\"500\" height=\"281\" frameborder=\"0\" allow=\"autoplay; fullscreen; picture-in-picture; clipboard-write\"><\/iframe>\n<\/div><\/figure>\n<\/div>\n\n\n\n<div class=\"wp-block-column is-layout-flow wp-block-column-is-layout-flow\">\n<figure class=\"wp-block-embed is-type-video is-provider-vimeo wp-block-embed-vimeo wp-embed-aspect-16-9 wp-has-aspect-ratio\"><div class=\"wp-block-embed__wrapper\">\n<iframe loading=\"lazy\" title=\"Mem\u00f3ria Rendeira #6 | ENTREVISTA COM IVONIRA JULIETA DA SILVA\" src=\"https:\/\/player.vimeo.com\/video\/652175150?dnt=1&amp;app_id=122963\" width=\"500\" height=\"281\" frameborder=\"0\" allow=\"autoplay; fullscreen; picture-in-picture; clipboard-write\"><\/iframe>\n<\/div><\/figure>\n<\/div>\n<\/div>\n\n\n\n<div class=\"wp-block-columns is-layout-flex wp-container-core-columns-is-layout-9d6595d7 wp-block-columns-is-layout-flex\">\n<div class=\"wp-block-column is-layout-flow wp-block-column-is-layout-flow\">\n<figure class=\"wp-block-embed is-type-video is-provider-vimeo wp-block-embed-vimeo wp-embed-aspect-16-9 wp-has-aspect-ratio\"><div class=\"wp-block-embed__wrapper\">\n<iframe loading=\"lazy\" title=\"Mem\u00f3ria Rendeira #7 | ENTREVISTA COM ISOLINA MACHADO DE OLIVEIRA E JULIANA MACHADO DA SILVEIRA\" src=\"https:\/\/player.vimeo.com\/video\/653360740?dnt=1&amp;app_id=122963\" width=\"500\" height=\"281\" frameborder=\"0\" allow=\"autoplay; fullscreen; picture-in-picture; clipboard-write\"><\/iframe>\n<\/div><\/figure>\n<\/div>\n\n\n\n<div class=\"wp-block-column is-layout-flow wp-block-column-is-layout-flow\">\n<figure class=\"wp-block-embed is-type-video is-provider-vimeo wp-block-embed-vimeo wp-embed-aspect-16-9 wp-has-aspect-ratio\"><div class=\"wp-block-embed__wrapper\">\n<iframe loading=\"lazy\" title=\"Mem\u00f3ria Rendeira #8 |  ENTREVISTA COM DEALTINA CATARINA DE OLIVEIRA\" src=\"https:\/\/player.vimeo.com\/video\/661160745?dnt=1&amp;app_id=122963\" width=\"500\" height=\"281\" frameborder=\"0\" allow=\"autoplay; fullscreen; picture-in-picture; clipboard-write\"><\/iframe>\n<\/div><\/figure>\n<\/div>\n<\/div>\n\n\n\n<div class=\"wp-block-columns is-layout-flex wp-container-core-columns-is-layout-9d6595d7 wp-block-columns-is-layout-flex\">\n<div class=\"wp-block-column is-layout-flow wp-block-column-is-layout-flow\">\n<figure class=\"wp-block-embed is-type-video is-provider-vimeo wp-block-embed-vimeo wp-embed-aspect-16-9 wp-has-aspect-ratio\"><div class=\"wp-block-embed__wrapper\">\n<iframe loading=\"lazy\" title=\"Mem\u00f3ria Rendeira #9 | ENTREVISTA COM VANDINA DE SOUZA AMORIM (DONA MULATA)\" src=\"https:\/\/player.vimeo.com\/video\/653365201?dnt=1&amp;app_id=122963\" width=\"500\" height=\"281\" frameborder=\"0\" allow=\"autoplay; fullscreen; picture-in-picture; clipboard-write\"><\/iframe>\n<\/div><\/figure>\n<\/div>\n\n\n\n<div class=\"wp-block-column is-layout-flow wp-block-column-is-layout-flow\">\n<figure class=\"wp-block-embed is-type-video is-provider-vimeo wp-block-embed-vimeo wp-embed-aspect-16-9 wp-has-aspect-ratio\"><div class=\"wp-block-embed__wrapper\">\n<iframe loading=\"lazy\" title=\"Mem\u00f3ria Rendeira #10 | ENTREVISTA COM JUSTINA LUIZA SILVEIRA (ONDINA)\" src=\"https:\/\/player.vimeo.com\/video\/661143058?dnt=1&amp;app_id=122963\" width=\"500\" height=\"281\" frameborder=\"0\" allow=\"autoplay; fullscreen; picture-in-picture; clipboard-write\"><\/iframe>\n<\/div><\/figure>\n<\/div>\n<\/div>\n\n\n\n<div class=\"wp-block-columns is-layout-flex wp-container-core-columns-is-layout-9d6595d7 wp-block-columns-is-layout-flex\">\n<div class=\"wp-block-column is-layout-flow wp-block-column-is-layout-flow\">\n<figure class=\"wp-block-embed is-type-video is-provider-vimeo wp-block-embed-vimeo wp-embed-aspect-16-9 wp-has-aspect-ratio\"><div class=\"wp-block-embed__wrapper\">\n<iframe loading=\"lazy\" title=\"Mem\u00f3ria Rendeira #11 |  ENTREVISTA COM LEON\u00cdCIA DE \u00c1VILA DUARTE\" src=\"https:\/\/player.vimeo.com\/video\/661149406?dnt=1&amp;app_id=122963\" width=\"500\" height=\"281\" frameborder=\"0\" allow=\"autoplay; fullscreen; picture-in-picture; clipboard-write\"><\/iframe>\n<\/div><\/figure>\n<\/div>\n\n\n\n<div class=\"wp-block-column is-layout-flow wp-block-column-is-layout-flow\">\n<figure class=\"wp-block-embed is-type-video is-provider-vimeo wp-block-embed-vimeo wp-embed-aspect-16-9 wp-has-aspect-ratio\"><div class=\"wp-block-embed__wrapper\">\n<iframe loading=\"lazy\" title=\"Mem\u00f3ria Rendeira #12 |  ENTREVISTA COM ROSALVA HIGINA ODA (VAVA)\" src=\"https:\/\/player.vimeo.com\/video\/661155833?dnt=1&amp;app_id=122963\" width=\"500\" height=\"281\" frameborder=\"0\" allow=\"autoplay; fullscreen; picture-in-picture; clipboard-write\"><\/iframe>\n<\/div><\/figure>\n<\/div>\n<\/div>\n\n\n\n<div class=\"wp-block-columns is-layout-flex wp-container-core-columns-is-layout-9d6595d7 wp-block-columns-is-layout-flex\">\n<div class=\"wp-block-column is-layout-flow wp-block-column-is-layout-flow\">\n<figure class=\"wp-block-embed is-type-video is-provider-vimeo wp-block-embed-vimeo wp-embed-aspect-16-9 wp-has-aspect-ratio\"><div class=\"wp-block-embed__wrapper\">\n<iframe loading=\"lazy\" title=\"Mem\u00f3ria Rendeira #13 |  ENTREVISTA COM  HELENA FRANCISCA DA SILVA\" src=\"https:\/\/player.vimeo.com\/video\/677291806?dnt=1&amp;app_id=122963\" width=\"500\" height=\"281\" frameborder=\"0\" allow=\"autoplay; fullscreen; picture-in-picture; clipboard-write\"><\/iframe>\n<\/div><\/figure>\n<\/div>\n\n\n\n<div class=\"wp-block-column is-layout-flow wp-block-column-is-layout-flow\">\n<figure class=\"wp-block-embed is-type-video is-provider-vimeo wp-block-embed-vimeo wp-embed-aspect-16-9 wp-has-aspect-ratio\"><div class=\"wp-block-embed__wrapper\">\n<iframe loading=\"lazy\" title=\"Mem\u00f3ria Rendeira #14 |  ENTREVISTA COM JOANA IRACI NUNES\" src=\"https:\/\/player.vimeo.com\/video\/661165733?dnt=1&amp;app_id=122963\" width=\"500\" height=\"281\" frameborder=\"0\" allow=\"autoplay; fullscreen; picture-in-picture; clipboard-write\"><\/iframe>\n<\/div><\/figure>\n<\/div>\n<\/div>\n\n\n\n<div class=\"wp-block-columns is-layout-flex wp-container-core-columns-is-layout-9d6595d7 wp-block-columns-is-layout-flex\">\n<div class=\"wp-block-column is-layout-flow wp-block-column-is-layout-flow\">\n<figure class=\"wp-block-embed is-type-video is-provider-vimeo wp-block-embed-vimeo wp-embed-aspect-16-9 wp-has-aspect-ratio\"><div class=\"wp-block-embed__wrapper\">\n<iframe loading=\"lazy\" title=\"Mem\u00f3ria Rendeira #15 |  ENTREVISTA COM MARIA JOAQUINA GON\u00c7ALVES DUARTE (DONA ELIAS)\" src=\"https:\/\/player.vimeo.com\/video\/664132249?dnt=1&amp;app_id=122963\" width=\"500\" height=\"281\" frameborder=\"0\" allow=\"autoplay; fullscreen; picture-in-picture; clipboard-write\"><\/iframe>\n<\/div><\/figure>\n<\/div>\n\n\n\n<div class=\"wp-block-column is-layout-flow wp-block-column-is-layout-flow\">\n<figure class=\"wp-block-image size-large\"><a href=\"https:\/\/www.youtube.com\/watch?v=6Ldi5nRbA70&amp;list=PLwNTE76M_JDPwSOltRho99DKDiYlKMZl8\" target=\"_blank\" rel=\"noreferrer noopener\"><img loading=\"lazy\" decoding=\"async\" width=\"1024\" height=\"576\" src=\"http:\/\/camaraclara.org.br\/memoriarendeira\/wp-content\/uploads\/2022\/06\/JPG-IMAGEM-PLAYLIST-ok-1024x576.jpg\" alt=\"\" class=\"wp-image-9170\" srcset=\"http:\/\/camaraclara.org.br\/memoriarendeira\/wp-content\/uploads\/2022\/06\/JPG-IMAGEM-PLAYLIST-ok-1024x576.jpg 1024w, http:\/\/camaraclara.org.br\/memoriarendeira\/wp-content\/uploads\/2022\/06\/JPG-IMAGEM-PLAYLIST-ok-300x169.jpg 300w, http:\/\/camaraclara.org.br\/memoriarendeira\/wp-content\/uploads\/2022\/06\/JPG-IMAGEM-PLAYLIST-ok-768x432.jpg 768w, http:\/\/camaraclara.org.br\/memoriarendeira\/wp-content\/uploads\/2022\/06\/JPG-IMAGEM-PLAYLIST-ok-1536x864.jpg 1536w, http:\/\/camaraclara.org.br\/memoriarendeira\/wp-content\/uploads\/2022\/06\/JPG-IMAGEM-PLAYLIST-ok-705x397.jpg 705w, http:\/\/camaraclara.org.br\/memoriarendeira\/wp-content\/uploads\/2022\/06\/JPG-IMAGEM-PLAYLIST-ok.jpg 1920w\" sizes=\"auto, (max-width: 1024px) 100vw, 1024px\" \/><\/a><\/figure>\n<\/div>\n<\/div>\n","protected":false},"excerpt":{"rendered":"","protected":false},"author":1,"featured_media":0,"parent":0,"menu_order":0,"comment_status":"closed","ping_status":"closed","template":"","meta":{"_mi_skip_tracking":false,"footnotes":""},"class_list":["post-2479","page","type-page","status-publish","hentry"],"_links":{"self":[{"href":"http:\/\/camaraclara.org.br\/memoriarendeira\/wp-json\/wp\/v2\/pages\/2479","targetHints":{"allow":["GET"]}}],"collection":[{"href":"http:\/\/camaraclara.org.br\/memoriarendeira\/wp-json\/wp\/v2\/pages"}],"about":[{"href":"http:\/\/camaraclara.org.br\/memoriarendeira\/wp-json\/wp\/v2\/types\/page"}],"author":[{"embeddable":true,"href":"http:\/\/camaraclara.org.br\/memoriarendeira\/wp-json\/wp\/v2\/users\/1"}],"replies":[{"embeddable":true,"href":"http:\/\/camaraclara.org.br\/memoriarendeira\/wp-json\/wp\/v2\/comments?post=2479"}],"version-history":[{"count":17,"href":"http:\/\/camaraclara.org.br\/memoriarendeira\/wp-json\/wp\/v2\/pages\/2479\/revisions"}],"predecessor-version":[{"id":9172,"href":"http:\/\/camaraclara.org.br\/memoriarendeira\/wp-json\/wp\/v2\/pages\/2479\/revisions\/9172"}],"wp:attachment":[{"href":"http:\/\/camaraclara.org.br\/memoriarendeira\/wp-json\/wp\/v2\/media?parent=2479"}],"curies":[{"name":"wp","href":"https:\/\/api.w.org\/{rel}","templated":true}]}}